ided by 9?
8
What is the remainder when 4623 is divided by 4614?
9
Calculate the remainder when 34461 is divided by 14.
7
Calculate the remainder when 69691 is divided by 553.
13
What is the remainder when 7324 is divided by 54?
34
What is the remainder when 768859 is divided by 19714?
13
What is the remainder when 801478 is divided by 17?
13
Calculate the remainder when 81442 is divided by 40720.
2
Calculate the remainder when 18447 is divided by 5.
2
What is the remainder when 526206 is divided by 69?
12
What is the remainder when 665 is divided by 240?
185
What is the remainder when 691006 is divided by 667?
661
Calculate the remainder when 23632 is divided by 81.
61
What is the remainder when 1118373 is divided by 1213?
1200
What is the remainder when 23330 is divided by 7?
6
Calculate the remainder when 2228 is divided by 695.
143
What is the remainder when 49670 is divided by 17?
13
What is the remainder when 126491 is divided by 15809?
19
What is the remainder when 617 is divided by 9?
5
What is the remainder when 7683 is divided by 938?
179
What is the remainder when 4028 is divided by 999?
32
Calculate the remainder when 62257 is divided by 31127.
3
Calculate the remainder when 19706 is divided by 72.
50
Calculate the remainder when 17602 is divided by 36.
34
What is the remainder when 146 is divided by 50?
46
What is the remainder when 64159 is divided by 200?
159
What is the remainder when 5682 is divided by 1085?
257
Calculate the remainder when 7472 is divided by 172.
76
Calculate the remainder when 75824 is divided by 71.
67
What is the remainder when 251494 is divided by 125745?
4
Calculate the remainder when 1847035 is divided by 416.
411
What is the remainder when 72612 is divided by 270?
252
Calculate the remainder when 3209 is divided by 320.
9
Calculate the remainder when 7067 is divided by 13.
8
Calculate the remainder when 3953 is divided by 544.
145
Calculate the remainder when 474843 is divided by 304.
299
What is the remainder when 669963 is divided by 1988?
7
Calculate the remainder when 6079 is divided by 3.
1
Calculate the remainder when 45046 is divided by 5612.
150
What is the remainder when 896421 is divided by 359?
357
Calculate the remainder when 4445 is divided by 23.
6
Calculate the remainder when 305034 is divided by 36.
6
Calculate the remainder when 10967 is divided by 522.
5
Calculate the remainder when 1429 is divided by 1146.
283
What is the remainder when 67694 is divided by 58?
8
Calculate the remainder when 542 is divided by 82.
50
What is the remainder when 2091 is divided by 999?
93
What is the remainder when 5070 is divided by 158?
14
What is the remainder when 7318 is divided by 63?
10
Calculate the remainder when 4248 is divided by 1025.
148
What is the remainder when 621749 is divided by 324?
317
What is the remainder when 1124 is divided by 526?
72
What is the remainder when 1131 is divided by 194?
161
Calculate the remainder when 251885 is divided by 7.
4
What is the remainder when 84086 is divided by 158?
30
Calculate the remainder when 53956 is divided by 23.
21
What is the remainder when 28180 is divided by 484?
108
Calculate the remainder when 2500075 is divided by 14.
11
What is the remainder when 6224 is divided by 278?
108
Calculate the remainder when 3369 is divided by 500.
369
Calculate the remainder when 30627 is divided by 15294.
39
What is the remainder when 2423 is divided by 40?
23
What is the remainder when 399718 is divided by 19?
15
What is the remainder when 97142 is divided by 176?
166
Calculate the remainder when 14800 is divided by 116.
68
What is the remainder when 69763 is divided by 13915?
188
What is the remainder when 92650 is divided by 30882?
4
Calculate the remainder when 1754 is divided by 41.
32
Calculate the remainder when 13045 is divided by 325.
45
Calculate the remainder when 10921 is divided by 104.
1
What is the remainder when 23320 is divided by 806?
752
What is the remainder when 9999 is divided by 4994?
11
Calculate the remainder when 3027 is divided by 2965.
62
Calculate the remainder when 343280 is divided by 102.
50
Calculate the remainder when 16433 is divided by 1742.
755
Calculate the remainder when 111822 is divided by 123.
15
Calculate the remainder when 373 is divided by 369.
4
Calculate the remainder when 72117 is divided by 22.
1
Calculate the remainder when 6879 is divided by 3280.
319
What is the remainder when 6853 is divided by 143?
132
Calculate the remainder when 69979 is divided by 20.
19
Calculate the remainder when 3187 is divided by 31.
25
Calculate the remainder when 195 is divided by 10.
5
Calculate the remainder when 155320 is divided by 18.
16
Calculate the remainder when 1447 is divided by 602.
243
Calculate the remainder when 159888 is divided by 42.
36
Calculate the remainder when 101165 is divided by 26.
25
Calculate the remainder when 184070 is divided by 173.
171
What is the remainder when 40505 is divided by 13357?
434
Calculate the remainder when 1151 is divided by 471.
209
Calculate the remainder when 92032 is divided by 346.
342
Calculate the remainder when 2622 is divided by 285.
57
Calculate the remainder when 30443 is divided by 5073.
5
What is the remainder when 10222 is divided by 637?
30
What is the remainder when 193335 is divided by 3169?
26
Calculate the remainder when 4233 is divided by 4.
1
What is the remainder when 11081 is divided by 15?
11
What is the remainder when 2925 is divided by 61?
58
What is the remainder when 10491 is divided by 580?
51
What is the remainder when 96426 is divided by 96379?
47
Calculate the remainder when 296153 is divided by 16.
9
Calculate the remainder when 2360 is divided by 250.
110
What is the remainder when 322081 is divided by 1134?
25
What is the remainder when 2969 is divided by 219?
122
Calculate the remainder when 20716 is divided by 122.
98
What is the remainder when 142921 is divided by 598?
597
What is the remainder when 8733 is divided by 50?
33
Calculate the remainder when 41592 is divided by 3781.
1
Calculate the remainder when 8708 is divided by 8702.
6
What is the remainder when 1215957 is divided by 15?
12
What is the remainder when 75201 is divided by 287?
7
What is the remainder when 37033 is divided by 66?
7
What is the remainder when 557878 is divided by 55787?
8
What is the remainder when 586417 is divided by 14?
13
Calculate the remainder when 89835 is divided by 16.
11
Calculate the remainder when 5422 is divided by 21.
4
What is the remainder when 13901 is divided by 22?
19
Calculate the remainder when 12937 is divided by 62.
41
Calculate the remainder when 1975 is divided by 181.
165
What is the remainder when 972837 is divided by 1320?
1317
What is the remainder when 13708 is divided by 44?
24
What is the remainder when 32248 is divided by 296?
280
Calculate the remainder when 416 is divided by 106.
98
Calculate the remainder when 24432 is divided by 19.
17
What is the remainder when 18255 is divided by 86?
23
What is the remainder when 12166 is divided by 605?
66
What is the remainder when 6878 is divided by 113?
98
Calculate the remainder when 9247 is divided by 1721.
642
What is the remainder when 36424 is divided by 1518?
1510
Calculate the remainder when 3667 is divided by 75.
67
What is the remainder when 10629 is divided by 586?
81
Calculate the remainder when 7035 is divided by 150.
135
What is the remainder when 1273814 is divided by 318449?
18
What is the remainder when 444139 is divided by 62?
33
What is the remainder when 4815 is divided by 7?
6
What is the remainder when 305130 is divided by 20341?
15
What is the remainder when 11159 is divided by 2789?
3
What is the remainder when 139873 is divided by 163?
19
Calculate the remainder when 10571 is divided by 25.
21
What is the remainder when 18085 is divided by 18044?
41
Calculate the remainder when 8500 is divided by 1403.
82
What is the remainder when 15516 is divided by 80?
76
Calculate the remainder when 14702 is divided by 77.
72
Calculate the remainder when 442337 is divided by 5599.
16
What is the remainder when 28793 is divided by 488?
1
Calculate the remainder when 1124880 is divided by 491.
490
Calculate the remainder when 694061 is divided by 9.
8
Calculate the remainder